t is the remainder when l is divided by k?
1
Let q be -5*(1 + -2 - 0). Suppose -j = q*r + 21, -r + 11 = 4*j - 0. Let d = 9 + -7. What is the remainder when j is divided by d?
0
Suppose 4*l - 5*j = 5, 0 = 4*l + l + 3*j + 3. Suppose l = 4*i - 16, 5*c + 9 = -4*i + 50. What is the remainder when 23 is divided by c?
3
Let s(n) = -5*n + 6 - n**2 - 2*n**2 + 2*n**2 - n. What is the remainder when s(-5) is divided by 4?
3
Let c be (6 + 0)*13 - -2. Suppose 2*d + q = -3*d + c, 2*d = 5*q + 32. What is the remainder when 27 is divided by d?
11
Let l(o) be the first derivative of o**3/3 - o**2/2 - 7*o - 2. Let c = -20 + 32. What is the remainder when l(-5) is divided by c?
11
Let j(z) = z**3 + 5*z**2 - 8*z - 8. Suppose 4 = 2*v - 4*l, 2*v + 0 = -5*l + 4. Suppose -2 - 4 = -v*o. Calculate the remainder when j(-6) is divided by o.
1
Suppose 0 = 4*g - 31 - 5. Calculate the remainder when (1 - -1) + 2 - -12 is divided by g.
7
Let i = 22 + 1. Calculate the remainder when 67 is divided by i.
21
Let o be 3/(-2)*(-12)/6. Let m(j) = 14*j + 3. Let i be m(o). Suppose i = 5*x - k, -7*k + 2*k = 0. Calculate the remainder when 16 is divided by x.
7
Calculate the remainder when 133 is divided by 1 - (1 + -1 - 33).
31
Suppose 158 = 4*a + 3*k, 2*a + a - 131 = 4*k. Calculate the remainder when a is divided by 22.
19
Let y = 9 + 5. Suppose o + 30 = 5*p, -4*p + 9 = -o - y. What is the remainder when 20 is divided by p?
6
Suppose -4*v = j - 33, -2*v - v = j - 28. Let g = -22 + 40. Suppose -2*t = -2*l + g, -2*t = -l + 8 + 2. Calculate the remainder when j is divided by l.
5
Calculate the remainder when 141 is divided by (20/(-40))/((-2)/144).
33
Suppose 0 = -16*g + 16 + 64. What is the remainder when 19 is divided by g?
4
Let d(p) = -10*p - 1. Suppose 2*h = h + 4. Let t = h + -7. What is the remainder when d(t) is divided by 15?
14
Suppose 0 = -5*q - 8*q + 104. Calculate the remainder when 2 - (0/1 - 29) is divided by q.
7
Suppose 3*h - 2*w = 139, w = 3*h - 0*h - 140. What is the remainder when h is divided by 8?
7
Calculate the remainder when 11 is divided by (-2 - 0) + 4 + 4 + -3.
2
Let o = -1 + 29. Suppose -4*y + o = i, 2 + 6 = i - y. Suppose -w = -i - 6. Calculate the remainder when 35 is divided by w.
17
Let c(m) = 2*m - 5. Let n be c(8). Let z be (-58)/(-8) - (-2)/(-8). Let r = n - z. What is the remainder when r is divided by 3?
1
Suppose 3*l - 5*d = 11, d + 5 = 4*l + 4*d. Let k(b) = -3*b + 1. What is the remainder when k(-1) is divided by l?
0
Let q(l) = 23*l - 7. Let i be q(9). Suppose 3*f = -f + i. What is the remainder when f is divided by 26?
24
What is the remainder when 3 is divided by 5/20 - (-6)/8?
0
Suppose -5*g = 4*z - 5, 3*z - 27 = 5*g - g. Let v = 0 - g. Let d(u) = -u + 7. What is the remainder when d(v) is divided by 2?
0
Let q = -12 + 27. Suppose i = -4*v + 180, v - 5*i - 156 = -3*v. Calculate the remainder when v is divided by q.
14
Suppose 2*q + 0*t = -t + 36, 0 = 5*q - 5*t - 60. What is the remainder when q is divided by 9?
7
Calculate the remainder when 1 is divided by -2*(-2 + (-3)/(-2)).
0
Calculate the remainder when 226*(-2)/(-5)*(-15)/(-12) is divided by 19.
18
Let f = 39 + 8. What is the remainder when f is divided by 15?
2
Let r = 87 - 48. Calculate the remainder when r is divided by 10.
9
Let g = -2 + 4. Suppose -t + 3 = -1. Calculate the remainder when t is divided by (-32)/(-14) + g/(-7).
0
Suppose -2*c + 7 = -3. Suppose 0*a - 4 = -4*a + j, 2*j + 2 = c*a. Calculate the remainder when 17 is divided by a/5 + (-43)/(-5).
8
Let k(a) = -3*a + 12. Let m(f) = -10*f + 36. Let h(y) = 7*k(y) - 2*m(y). Let b = -17 - -29. What is the remainder when h(-10) is divided by b?
10
Let f be 0 + (2 - (-2)/2). Suppose f*k = 122 - 11. Let s = 46 - 33. What is the remainder when k is divided by s?
11
Let r(l) = 2*l**2 + 2*l - 1. Let j be 10/4 + (-2)/4. Let z = -26 + 67. What is the remainder when z is divided by r(j)?
8
Let v = 22 - -45. Calculate the remainder when v is divided by 35.
32
Let t = -54 + 56. What is the remainder when 11 is divided by t?
1
Suppose -8 = 2*z - 16. Suppose z*h - 40 = -2*g, 3*g = -g - h + 101. Calculate the remainder when g is divided by 15.
11
What is the remainder when 12 is divided by 2/7 + (-132)/(-28)?
2
Suppose 0 = -4*a + 6*a - 4. Let h be a/9 + 50/18. Suppose h*w = 12 - 0. Calculate the remainder when w is divided by 2.
0
Let h(v) = 2*v**2 - 2*v - 3. Let k be h(-6). Suppose -i + k = 2*i. Calculate the remainder when i is divided by 14.
13
Calculate the remainder when 60 is divided by (-31)/(-1) - 0/(-5).
29
Let f = 32 - 21. Let u = -8 - -39. Calculate the remainder when u is divided by f.
9
Let a be (7/(-2))/(4/8). Let y = -5 - a. Suppose 3*v + 0*z - 2*z = 36, -v + 16 = -y*z. What is the remainder when 28 is divided by v?
8
Suppose -y - 96 = 2*y. Let r = -20 - y. Calculate the remainder when 28 is divided by ((-18)/r)/((-3)/20).
8
Let b be 1/((-149)/75 + 2). Suppose 0 = 14*o - 9*o - b. What is the remainder when o is divided by 6?
3
Let n(v) = -18 - 6*v - 5*v + 2*v + 0*v. What is the remainder when n(-8) is divided by 14?
12
Let w(p) = 14*p - 52. What is the remainder when w(15) is divided by 53?
52
Let m be 2/((-12)/(-21))*-8. Let p = 48 + m. Let s = 35 - p. Calculate the remainder when s is divided by 4.
3
Suppose 10 = -4*z + 58. Let t(m) = m**3 - 4*m**2 - 6*m - 3. Calculate the remainder when t(6) is divided by z.
9
Let d = 130 + -58. What is the remainder when d is divided by 25?
22
Let i(h) = -h + 3. Calculate the remainder when 7 is divided by i(0).
1
Let t = -16 + 34. Calculate the remainder when (-6)/33 - (-774)/22 is divided by t.
17
Suppose 5 + 5 = 2*o. Suppose -2 = o*t - 4*t. Let g = 8 + t. What is the remainder when 17 is divided by g?
5
Suppose -6*x + 2*x + 48 = 0. Let a be (4/x)/((-2)/(-24)). What is the remainder when 28 is divided by (6/a)/((-3)/(-30))?
13
Let k(z) = 2*z - 7. Let m be 1 + -2 - 7*-1. Let d be k(m). Suppose -82 = -d*p - 12. Calculate the remainder when p is divided by 5.
4
Let t(v) = -1. Let o(y) = -11*y - 5. Let j(z) = -o(z) + 5*t(z). Calculate the remainder when j(5) is divided by 19.
17
Let k = 7 + -11. Let i(y) = 4*y**2 + 5*y - 5. Let u(c) = 11*c**2 + 14*c - 15. Let m(n) = 17*i(n) - 6*u(n). Calculate the remainder when m(k) is divided by 12.
9
What is the remainder when (((-432)/(-21))/4)/(3/28) is divided by 27?
21
Let n(o) = o**2 + 10*o + 7. Let b be n(-8). Let c(q) = q**2 + 8*q - 1. Let x be c(b). Let j = -5 + x. Calculate the remainder when 5 is divided by j.
2
Suppose -r + 2*r + 2*f + 8 = 0, -4*r - 2*f = 2. Let u be -1 + (-2 - (1 + -6)). Suppose 4*q - u*q = 8. Calculate the remainder when q is divided by r.
0
Suppose 1 = -y - 1. Suppose 5*z - 155 = z - f, -5 = f. What is the remainder when z is divided by y/(-5) + (-68)/(-5)?
12
Let o(x) = x**2 - 1. Let g be (-2 - 1)/(-1 - 0). Let k be g/1*(-2)/(-2). Calculate the remainder when 14 is divided by o(k).
6
Suppose -175 = 18*w - 1597. What is the remainder when w is divided by 8?
7
Suppose o + 1 = 0, -3*j = j + 3*o - 137. Suppose -3*u + 3*r = -168, -2*u + r = -3*u + 64. Suppose w - u = -4*w. Calculate the remainder when j is divided by w.
11
Let j(a) = a**3 + 2*a**2 - 7. Let x(t) = t**3 + 2*t**2 + t - 8. Let v(z) = -4*j(z) + 3*x(z). What is the remainder when 2/(-2) - (-2 - 9) is divided by v(-3)?
2
What is the remainder when (-135)/(-2)*12/9 is divided by 19?
14
Suppose 0 = p + 1 + 5. Let q(n) = -n + 2. Calculate the remainder when -1 + 7/(35/75) is divided by q(p).
6
Let a(z) = 2*z + 42. What is the remainder when a(-5) is divided by 14?
4
Let a = -15 + 22. Calculate the remainder when 32 is divided by a.
4
Let p(q) = -6*q + 1. Let k be -14*-1*(-1)/2. Suppose 5*a + o - 72 = -0*o, -2*a + 33 = -o. Calculate the remainder when p(k) is divided by a.
13
Let q(s) = s**2 - 14*s + 24. What is the remainder when 63 is divided by q(13)?
8
Let w = -5 - 1. Let t(h) = h**2 + h - 4. Calculate the remainder when 76 is divided by t(w).
24
Suppose 0 = 2*f + f - 12. Suppose 5 = 5*m - 4*k - k, 26 = m + f*k. Let r = m - -2. Calculate the remainder when 14 is divided by r.
6
Let j = 13 - 32. Calculate the remainder when -1 - (0 - -1) - j is divided by (90/8)/5*4.
8
Let q = -205 + 83. Let k = -87 - q. What is the remainder when k is divided by 12?
11
Let t = -11 